*g. Let y = -7 + 9. Let u be 10/(-2)*y/(-5). Suppose -1 = -5*w - 2*h, -3*w - u*h - 5 = 2*h. Determine l(w).
-3
Let p(t) be the second derivative of 0 + 1/12*t**4 + 1/2*t**2 + 2*t + 1/3*t**3. What is p(-3)?
4
Suppose 1 = -2*k + 7. Let p = 22 + -24. Let b(s) = 3*s**3 + 13*s**2 - 3*s - 13. Let q(x) = x**3 + 6*x**2 - x - 6. Let n(l) = p*b(l) + 5*q(l). Give n(k).
8
Let w(z) = -z**3 + 5*z**2 - 6*z. Suppose -7*c - 16 = -11*c. Calculate w(c).
-8
Let b(v) = -6*v - 24. Let r(m) = -3*m - 11. Let a(q) = -6*b(q) + 13*r(q). What is a(-3)?
10
Let n(c) = c**2 + 2*c. Let a be -3*2/(-6) + -2. Calculate n(a).
-1
Let i(o) be the first derivative of 3/2*o**2 - 2 - o. What is i(1)?
2
Let r(y) = -5*y - 1. Suppose 0 = -2*o - 0 + 4. Calculate r(o).
-11
Let o(x) = x**3 + x**2 + x. Let k(c) = -c**3 - 7*c**2 + 2*c + 12. Let u be k(-8). Suppose g = -g - u. Let w be 2/5 - (-12)/g. Calculate o(w).
0
Suppose -1 - 5 = -2*d. Let h be 8*d/6 - 1. Suppose 0 = -p + h*p. Let s(j) = -j + 4. Calculate s(p).
4
Let k(v) = v**3 - 5*v**2 - 7*v + 7. Let f be k(6). Let o(g) = -2*g + f + 1 + 1. Let i be (-90)/(-27) - (-4)/6. What is o(i)?
-5
Suppose -3*h - h - 2*i - 4 = 0, 0 = -2*h + 4*i + 18. Let k(f) = 5*f - 1 - 13*f + 2. What is k(h)?
-7
Let m = -8 + 12. Let a(x) = x**2 - 2*x. What is a(m)?
8
Let j be ((-6)/5)/(3/10). Let x be (-3)/j + (-3)/(-12). Let i(d) = 1 - 1 + 0*d**2 - x - 3*d + d**2. Give i(-2).
9
Let r = -2 - -6. Let s(h) = -5*h + r*h - 2*h + h. Determine s(3).
-6
Let s be 24/15 + 4/10. Let b(k) = 1 + k**2 + 0 + 0*k + k**2 - k. Give b(s).
7
Let g = 6 + -4. Let m(n) = -3*n**2 - 2*n**g + n**3 + 4*n**3 - 4*n**3 - 6. What is m(5)?
-6
Let g(s) be the second derivative of -s**2/2 + 6*s. Let c(k) = -4*k + 4. Let i(b) = c(b) + 5*g(b). What is i(1)?
-5
Let m(a) = 0 + 3*a**2 - 3*a - 2*a**2 - 1. Suppose -5*l = i - 3*l - 12, 12 = 5*i - 2*l. Calculate m(i).
3
Let l(p) = 9*p**3 - 5*p**2 + 9*p - 17. Let w(m) = -5*m**3 + 2*m**2 - 5*m + 9. Let j(n) = 4*l(n) + 7*w(n). Determine j(6).
1
Let i be 0*(-1)/(-3) - (4 + -3). Let z(q) = -q**2. What is z(i)?
-1
Let j be 5/3 - (-14)/(-21). Let d(w) = -3*w**3 + j + 1 + 0 + 2*w**3. What is d(-2)?
10
Let v(r) = -r**2 - 2*r + 4. Suppose -12*d = 3*d + 60. Give v(d).
-4
Let d(m) be the third derivative of -9*m**6/40 - m**5/60 + m**4/24 + m**3/6 - 21*m**2. Give d(-1).
26
Let v = 1 + -1. Suppose v = -6*t + 4*t + 6. Let s(m) = -2 + m**2 + 2*m**2 - 2*m**2 - 2*m. What is s(t)?
1
Suppose 0 = 2*f + 3*t - 22, 2*t - 3 = -2*f + 3*f. Let u(o) be the first derivative of o**4/4 - 4*o**3/3 - 7*o**2/2 + 7*o - 1. Determine u(f).
-3
Let f(s) = -s**3 + s**2 - 1. Let i be f(1). Let c(l) = -5*l + 1. Calculate c(i).
6
Let j(n) = 3*n + 1. Let w(r) = r. Let s(y) = j(y) + 5*w(y). Let p(o) = 1 + 0 - 1 - o - 2. Let l be p(-3). Calculate s(l).
9
Let u(w) = -w**2 + 9*w + 72. Let z be u(-5). Let g(l) = -5*l**2 + 2*l - 3. Let q(y) = -14*y**2 + 6*y - 9. Let d(c) = 17*g(c) - 6*q(c). Give d(z).
-5
Let r(j) = 3*j**2 - 7*j - 2. Suppose 5*v - 1 - 6 = -l, 9 = 2*l + 5*v. Let t(c) = -1 + 2 + 2 - 2*c + 9*c - l*c**2. Let i(p) = 3*r(p) + 4*t(p). Calculate i(-6).
0
Suppose 0*i - 3*i + 27 = 0. Let g(h) = h**3 - 5*h + 3*h - 6*h - 8*h**2 - 5. Let y be g(i). Let u(a) = a - 2. What is u(y)?
2
Suppose 4*q - 45 = -5*a, -5*a + 1 + 4 = -4*q. Let w(i) = 6*i - 4*i**2 + 3*i**2 - 6 + 4. Determine w(a).
3
Suppose 0 = n - 2*n. Let v be 2/6*n - 3. Let t(s) be the first derivative of -s**4/4 - 5*s**3/3 - 3*s**2/2 + 4*s - 1. Determine t(v).
-5
Let m(h) = h - 1. Let x(b) = -15. Let s(k) = 2*m(k) - x(k). Give s(-9).
-5
Let f be 8 + -1*(1 + 1). Let q(s) = -6*s**3 - 2*s + 3. Let b(g) = 7*g**3 + g**2 + 3*g - 2. Let d(x) = 5*b(x) + 6*q(x). Determine d(f).
-10
Let y(n) be the second derivative of -1/12*n**4 - 5/2*n**2 + 2*n + 0 - 7/6*n**3. What is y(-5)?
5
Let r(x) = 41*x + 45. Let m(q) = -14*q - 15. Let o(u) = -7*m(u) - 2*r(u). Let k(n) = -8*n - 7. Let w(b) = 13*k(b) + 6*o(b). What is w(-1)?
7
Let p be (-1)/1*(5 - 3). Let j(g) = -g + 4. Let v be j(2). Let t be ((-1 - -1)/p)/v. Let x(o) = -o**3 - o**2 - o - 5. Determine x(t).
-5
Let c(i) be the first derivative of -i**4/4 + 4*i**3/3 - i**2/2 + 4. Let s = 15 - 11. Calculate c(s).
-4
Let l(f) = f**3 + 14*f**2 - 14 - 2*f**2 - 12*f**2. Determine l(0).
-14
Let n(t) = -4*t**3 - 7*t**2 - 6*t - 3. Let y(g) = -g**3. Let d(x) = -n(x) + 3*y(x). Let s(i) = -i**3 - 9*i**2 + 10*i - 6. Let a be s(-10). What is d(a)?
3
Suppose -4*a - 10 = a. Let p(u) = -4*u - 5. Let m(r) be the second derivative of 4*r**3/3 + 11*r**2/2 + r. Let g(c) = -2*m(c) - 5*p(c). Give g(a).
-5
Let q(h) = h**3 - 3*h**2 + h + 1. Let m = 9 + -5. Suppose -m*r = -6 - 2. What is q(r)?
-1
Let m(w) be the third derivative of 1/120*w**5 + 0 + 1/3*w**3 - 7/24*w**4 + w**2 + 0*w. Let s(u) be the first derivative of m(u). Determine s(3).
-4
Let q(l) = l**3 + 5*l**2 - 2. Let n(u) = u**2 + 4*u + 1. Suppose -5*j + 25 = 0, -5*j = 3*o - 3 - 16. Let m = -5 - o. Let r be n(m). Determine q(r).
10
Let u(h) be the second derivative of 0*h**4 + 0 - 3/20*h**5 + 0*h**2 + 0*h**3 + 2*h. Calculate u(-1).
3
Suppose -2 = -3*f - 8. Let g(h) = 3 - 5 - h**2 + 0*h**2 + 2*h**2. Give g(f).
2
Let s(f) = -5*f. Let y(i) = -4*i + 1. Let v(t) = -2*s(t) + 3*y(t). Let z(u) = u**2 - 6*u + 6. Let w be z(4). Let d = 5 + w. Give v(d).
-3
Let n = 0 - 3. Let a(x) = -2*x**2 + 7*x + 3. Let o(t) = t**2 - 6*t - 2. Let m(s) = n*o(s) - 2*a(s). What is m(-4)?
0
Let g(m) = m**2 - m + 7. Let w be 3 + 3/(-1) - -9. Let p = 9 - w. Determine g(p).
7
Let a(f) = f**3 - 2. Suppose 3*b = 4*y + 4*b - 13, b - 5 = 0. Suppose -y*c + 0*c = 0. Calculate a(c).
-2
Let m(k) be the second derivative of k**4/12 - k**3/3 + 3*k**2/2 - 20*k. Give m(4).
11
Suppose -2 + 5 = -3*k. Let p(w) be the second derivative of -w**5/30 - w**3/3 + w. Let n(s) be the second derivative of p(s). Calculate n(k).
4
Let r(b) be the second derivative of -b**7/2520 + b**6/144 + 7*b**5/120 - b**4/12 - 5*b. Let s(n) be the third derivative of r(n). Determine s(5).
7
Suppose 8 = -2*x - 4. Let n(s) be the first derivative of -s**3/3 - 7*s**2/2 - 7*s + 1. Let a be n(x). Let l(m) = -3*m**2 + 1. Calculate l(a).
-2
Let p(z) = -7*z**2 - 5*z - 2. Let u(a) = 20*a**2 + 14*a + 5. Let j(c) = 17*p(c) + 6*u(c). Calculate j(4).
8
Let i(x) = 2*x - 5. Suppose -n - 6 = 2*n. Let r be n/(5/((-5)/2)). Let d be (-4)/(r/(-1) - 0). Determine i(d).
3
Let x(q) = -3*q + 16. Let l(n) = 4*n - 17. Let o(s) = -2*l(s) - 3*x(s). Let z = 5 - -2. Determine o(z).
-7
Let r(u) = -u**2 + 2*u - 3. Let q(f) = -4*f + 0*f + 3*f + 1. Let a be q(-1). Give r(a).
-3
Let m(q) = -q**3 + 2*q + 1. Let y be m(2). Let z(t) = -2*t - 4. Calculate z(y).
2
Let x(o) = 9 - o - 4 - 7 - 3. Give x(-4).
-1
Suppose h - 4 = 0, 4*m - 4*h + 20 = h. Let d(s) = -s**3 + s + 6. Determine d(m).
6
Let b(j) be the third derivative of 0 + j**2 + 1/12*j**4 + 0*j**3 - 1/360*j**6 + 0*j + 1/60*j**5. Let s(f) be the second derivative of b(f). What is s(-2)?
6
Suppose 5*c - 4*l = -9, 5*c - 4*l = -3*l - 21. Let g(k) = -k**2 - 6*k + 6. What is g(c)?
11
Let w(f) = f**3 + 6*f**2 - 7*f + 3. Let x be w(-7). Let p(h) = 2*h - 4*h - 2 - 1 + 2. Determine p(x).
-7
Let p(q) = -2*q - 1 + 4 + 1. Suppose 0*h = -h - 2. Let o be (h/(-4))/((-2)/(-20)). Calculate p(o).
-6
Let u(f) = f**2 + 4*f + 3. Let w(c) = 4*c**3 - 2*c**2 + 1. Let v be w(-1). What is u(v)?
8
Let z be 6 - 1*(-1 - -4). Suppose -f + 1 = w - 3*w, z*w = -2*f - 5. Let s(c) be the third derivative of c**6/40 - c**3/6 - 2*c**2. What is s(w)?
-4
Let z(s) = -5*s - 1 + 4*s - s**2 + s**3 - 11*s**3. Let b be ((-1 - -5)/(-4))/1. Calculate z(b).
9
Suppose -3*j = 5*t - 2*j - 12, 4*j = -5*t + 18. Let i(m) = -2 - t*m + 4*m + 4. Let a be (-15)/3 + 2 + 0 + 0. Calculate i(a).
-4
Suppose -1 - 3 = d. Let p(n) be the first derivative of 3*n**2/2 + 6*n + 5. Give p(d).
-6
Let m(d) be the third derivative of -d**6/120 + d**4/24 + d**3/6 + 3*d**2. What is m(2)?
-5
Let k(a) = -a**2 + 2*a + 3. Let b be k(3). Let o(x) = x - 4. What is o(b)?
-4
Let o(w) = -w**2 + w + 3. Let h(m) = 3*m**2 - 2*m - 7. Suppose -2*q - 4*a + a - 5 = 0, -2*q - 2*a = 2. Let v(g) = q*h(g) + 5*o(g). Determine v(-1).
1
Let y(g) be the second derivative of g**5/20 - g**3/6 + 3*g**2 + g. Let i be 10/3*(-12)/5. Let j = 8 + i. What is y(j)?
6
Let i(p) = -5*p**2 - 3*p - 7. Let v(h) = -3*h**2 - 2*h - 5. Let b(w) =